) = 55*m**2 + 2*m - 2. Let j be w(1). Let v = j - -21. What are the prime factors of v?
2, 19
List the prime factors of 34/(-8*2/(-56)).
7, 17
Let o(k) = k**3 + 8*k**2 + 4. Let u be o(-8). Let c(m) = m**2 + 2*m - 4. Let v be c(u). List the prime factors of 96*(-2 - v/(-8)).
2, 3
Let i be (-1)/(-2) + (-258)/(-4). Suppose -71 = -4*b + 5*g, -4*g = -3*b - 13 + i. Suppose -b = -w + 2. What are the prime factors of w?
2, 13
Let k(m) = -m**3 + 16*m**2 + 10. Suppose -9*t + 16 = -8*t. List the prime factors of k(t).
2, 5
Let g(c) = 4*c**2 + 3*c + 90. List the prime factors of g(20).
2, 5, 7
Suppose -2*z + 0*z + 49 = 3*h, -2*z = -h + 11. Suppose 13*d + 20 = h*d. List the prime factors of d.
2, 5
Let r = 489 - 162. What are the prime factors of r?
3, 109
Let q be 363*-3*1/(-3). Suppose -6*k + q - 153 = 0. List the prime factors of k.
5, 7
Let r be 11/33*(27 - 0). Suppose -3*z = -r - 3. List the prime factors of z.
2
Let y = 15 - 13. Let t(a) = -3*a**y + 0*a**2 + a + 0*a**2 + 4*a**2. What are the prime factors of t(-4)?
2, 3
Let p be -2*(-2 + 3 - 32). Let h = -41 + p. List the prime factors of h.
3, 7
Let k = 88 - 84. Suppose -5*p = k*p - 1656. What are the prime factors of p?
2, 23
Suppose -q - 313 = 2*g - 6*q, 0 = -4*g + 4*q - 620. Let t = -103 - g. What are the prime factors of t?
3, 17
Let d = -9535 - -14230. What are the prime factors of d?
3, 5, 313
Let x(r) = r**3 + 35*r**2 - 4*r + 78. What are the prime factors of x(-35)?
2, 109
Let p = -13 + -2. What are the prime factors of 15*3 + (-13 - p)?
47
Let h(i) = -i**3 - 12. Let q be h(0). List the prime factors of (7/3)/((-4)/q).
7
Let w(p) = 2*p**3 - 3*p**2 - 10*p - 14. What are the prime factors of w(9)?
11, 101
Suppose 4*b - 2*z - 76 = -20, -2*b + 32 = z. List the prime factors of (-15)/2*(-24)/b.
2, 3
Let w = -172 - -112. Let v = w + 130. What are the prime factors of v?
2, 5, 7
Let m = 172 + -111. Let v = -26 + m. What are the prime factors of v?
5, 7
Suppose -b + 4*b - 11 = -4*z, 3*b - 3*z - 18 = 0. Suppose 5*s - b*x = -0*x + 340, -8 = -2*x. What are the prime factors of s?
2, 3
Let m(t) = 2*t + 2. Let p be m(-2). Let i be (140/(-16))/(p/16). Let v = i - 37. What are the prime factors of v?
3, 11
Suppose 0 = -3*u + 4*l, -u = -2*u + 4*l - 8. Suppose u*x - 246 + 62 = 0. List the prime factors of x.
2, 23
Suppose -q = -v - 3*v + 2625, -3*v + 3*q = -1980. Suppose 249 = -0*k + 2*k - w, -5*k - 4*w = -v. List the prime factors of k.
127
Suppose -6*l - 6 = -9*l. Suppose 2 = -d - i - 3*i, -l*i - 8 = -3*d. Suppose 124 = -d*o + 4*o. List the prime factors of o.
2, 31
Let f(q) be the first derivative of -3/4*q**4 + 1/2*q**2 + 2 + 1/3*q**3 - q. What are the prime factors of f(-2)?
5
What are the prime factors of (-12)/(-2)*9252/36?
2, 3, 257
Let y = -21 + 30. Let p = y + -29. Let s = p + 28. What are the prime factors of s?
2
Suppose 2*l = -2*f + 2, -5 = 4*f - 3*l - 30. Suppose 2*d - 297 - 56 = -3*z, -f*d = -z - 671. What are the prime factors of d?
13
Let o(z) = 17 + 12*z - 2*z**2 - 16*z + 4*z**2. List the prime factors of o(5).
47
Let k(q) be the second derivative of q**4/6 - 11*q**3/6 - 9*q**2/2 + 2*q. Let j be 3/((-27)/(-12))*6. List the prime factors of k(j).
31
Let k be -5 + (-5)/(5/4). What are the prime factors of 597/9 - (-3)/k?
2, 3, 11
Suppose 900 = 3*t + 297. List the prime factors of t.
3, 67
Suppose d - 2*d + 2*w - 1 = 0, 2*w = 10. Let q(p) = p**3 - 7*p**2 - 6*p + 6. What are the prime factors of q(d)?
2, 3, 19
Let i(n) = -28*n + 100. Let z be i(4). Let y = -2 - 0. What are the prime factors of y/z + (-118)/(-12)?
2, 5
Let s(w) = 390*w**2 + 78*w - 240. List the prime factors of s(3).
2, 3, 73
Suppose 13280 = 5*w - 2*o, 4*w - 12876 = 2*o - 2254. List the prime factors of w.
2, 3, 443
Let j(a) = 5*a**2 - 63*a - 79. List the prime factors of j(30).
2531
Let y(l) = l**3 + 7*l**2 - 13*l + 75. What are the prime factors of y(8)?
7, 19
Let k(s) = -s**2 + 5*s. Let b be k(0). Suppose -17*t + 20*t - 480 = b. List the prime factors of t.
2, 5
Let x = 1489 + -723. List the prime factors of x.
2, 383
Suppose 0*v + 3*v + 4*a = 799, 3*a = -5*v + 1328. What are the prime factors of v?
5, 53
Let a be 1 + 0 + -3 + 6. Let x be -3 + a + 0 - -4. Suppose -5*f - 104 = -4*t, -t + 24 + 2 = x*f. What are the prime factors of t?
2, 13
Let s(v) be the third derivative of v**6/24 - v**5/60 + v**4/24 - v**3/6 + v**2. Suppose -55 = 23*z - 78. List the prime factors of s(z).
2
List the prime factors of 1302 + (3 - (2 + 5)).
2, 11, 59
Let u(x) = 8*x**2 - 4. Let b(y) = 3*y**2 - 1. Let r(q) = 11*b(q) - 4*u(q). Let f be r(0). List the prime factors of -1*4 + (f - -11).
2, 3
Let o(z) = 2*z**2 + 4*z + 5. Let v(t) = -3*t**2 - 4*t - 4. Let s(f) = -6*o(f) - 5*v(f). List the prime factors of s(-4).
2, 3
Let k(g) = g**2 + 14*g - 6. Let t be k(-15). Suppose -1 = 5*j + 4*s - 9, 3*s + t = 0. What are the prime factors of (-1 - -33) + j/(-4)?
31
Let l(t) = -t**2 + 14*t + 34. Let v be l(14). Let j = v + -5. List the prime factors of j.
29
Let o = -1638 + 1756. List the prime factors of o.
2, 59
Let y = -1 - -28. Suppose 0 = 3*a + 2*a + 4*d + 13, 5*d = 3*a + 30. Let k = y + a. What are the prime factors of k?
2, 11
Let c(o) = 3*o**2 - 14 + 14. Let l be c(4). Suppose b - p = 16, -3*b + 4*p - 3 + l = 0. List the prime factors of b.
19
Suppose 4*o - 8*o + x = 24, 0 = -4*o - 2*x - 24. Let k be 9*o*(-1)/9. Suppose 7*s - k*s = 11. List the prime factors of s.
11
Let l(i) = i**2 - 6*i + 5. Suppose -x = -1 - 4. Let h be 195/13*2/x. What are the prime factors of l(h)?
5
Let i be 4/6 + 498/9. Suppose 3*a = h + i, 3*h - h - 3*a = -97. Let z = -29 - h. What are the prime factors of z?
2, 3
Suppose -6*h = -11*h + 570. Let v = 52 - h. Let c = 120 + v. What are the prime factors of c?
2, 29
Suppose 21 = 3*o - 9. Suppose -p - 2*v = 3*v - o, 2 = -v. List the prime factors of (3/(-1))/((-15)/p).
2
Let c(z) = -z**2 - 9*z - 10. Let y be c(-7). Suppose 0*i + 3*i + 4*o = -59, 0 = -4*i + y*o - 32. Let h(f) = -2*f + 4. What are the prime factors of h(i)?
2, 3, 5
Suppose 5*l + 214 = p - 490, 4*p - 2797 = l. List the prime factors of p.
3, 233
Suppose 13 = 2*i + 65. Let x = 14 - i. What are the prime factors of x?
2, 5
Let f(d) = -32*d**3 + 11*d**2 - 3*d + 2. Let q(j) = -21*j**3 + 7*j**2 - 2*j + 1. Let y(w) = 5*f(w) - 8*q(w). List the prime factors of y(3).
2, 53
List the prime factors of (-48)/504 - 82473/(-63).
7, 11, 17
Let x = 2 + -27. Let a = x - -28. List the prime factors of (2/a)/(2/123).
41
Let s = -516 - -925. List the prime factors of s.
409
Suppose -5*m = i + 1 + 1, 3*m - 3 = -2*i. Suppose -o + 11 = 2*h - 2, -3*h + 18 = i*o. List the prime factors of h.
7
Let u(d) = d**3 + 10*d**2 - 7*d + 10. Let g be u(-11). Let f = g - -227. List the prime factors of f.
193
Let g = -57 - -61. Suppose -g*o + 110 = u, 0*o + 4 = 4*o. What are the prime factors of u?
2, 53
Suppose 4*v + 3*d = 2274 + 2948, -d = -5*v + 6518. List the prime factors of v.
2, 163
Suppose -38 = -4*g + 50. Let t = 38 + g. Suppose 6*v - t = v. List the prime factors of v.
2, 3
Suppose -5*b - 204 = -b. Let p = -6 - b. What are the prime factors of p?
3, 5
Let a(m) = m**2 - 11*m + 8. Let q be a(11). Suppose 6*s - 2*s = q. What are the prime factors of (s/3)/(2/87)?
29
Let h(s) = -s**3 + 23*s**2 - 8*s + 112. What are the prime factors of h(19)?
2, 3, 13
Suppose 0 = 5*p - p - 32. Suppose -p = -5*b + 17. Suppose 0 = -3*u + 5*l + 5, b*u - 5*l + 4*l - 45 = 0. What are the prime factors of u?
2, 5
Suppose 2 = l - 2*a, 3*a + 18 - 1 = 5*l. Suppose l*s = -2 + 10. Let o(y) = 28*y - 6. List the prime factors of o(s).
2, 5
Suppose 3 - 27 = 2*q. List the prime factors of (56/q)/(1/(-12)).
2, 7
Let b = -30 + 14. Let k = 33 - b. List the prime factors of k.
7
Let y = 18 - 12. Let t be ((-1)/(-3))/((-2)/y). List the prime factors of -3 + 19 - (-2)/t.
2, 7
Let y = 0 + 3. Suppose -3*p - 3*x + 2*x = -109, -121 = -y*p + 5*x. Let g = -19 + p. What are the prime factors of g?
2, 3
Let c = 483 - 34. List the prime factors of c.
449
Let h = 781 + -182. What are the prime factors of h?
599
Let n = 41 + -123. Let o be (5/4)/(2/(-88)). Let p = o - n. List the prime factors of p.
3
Suppose 25*z = 748 + 4352. List the prime factors of z.
2, 3, 17
Suppose k - 3780 = -2*h, 4*k - 5510 = 5*h + 9623. List the prime factors of k.
2